451 - 3825. What is the hundreds digit of m?
6
Suppose 5*w - 6208 = -p, 43456 = -16*p + 23*p - 3*w. What is the thousands digit of p?
6
Suppose 5*d + 14 = 2*z, 27*d = -3*z + 25*d + 2. Suppose g - 2 - 1 = 0. Suppose -p + 128 = -2*i, z*i + 39 = g*p - 357. What is the hundreds digit of p?
1
Suppose 0 = -0*a + 10*a - 12600. Suppose 3808 = 14*z - a. What is the tens digit of z?
6
Suppose 738 = -2*h + 2286. Let n = h - 471. Let r = 428 - n. What is the hundreds digit of r?
1
Let b(l) = -112*l - 11. Let h(u) = -73*u - 6. Let k(g) = -2*g - 1. Let p(x) = h(x) + k(x). Let c(j) = 5*b(j) - 8*p(j). What is the tens digit of c(2)?
8
Let v(d) = 401*d**2 + 3 + 9 - 411*d**2 + 0 + 12*d - d**3. What is the tens digit of v(-12)?
5
Let c(h) = h**2 - 5*h - 19. Let b be c(12). Suppose x = b + 18. What is the tens digit of x?
8
Suppose -3*q + 641 = 3*r - 8*r, 5*r + 3*q + 629 = 0. Let b = r - -340. Let o = b - 149. What is the tens digit of o?
6
Let d = -53249 + 78189. What is the units digit of d?
0
Let x = -16810 - -19057. What is the thousands digit of x?
2
Suppose -12*w + 40492 = -57705 - 56963. What is the tens digit of w?
3
Suppose j + 34*j - 61367 = 1985188. What is the hundreds digit of j?
4
Let m = 24444 + -17111. What is the units digit of m?
3
Let v(p) be the second derivative of p**5/20 - 3*p**4/4 - 3*p**3 + 4*p**2 - 2*p + 192. What is the hundreds digit of v(12)?
2
Suppose 5*c - 8895 = -3*z, 0*c + 2965 = z + 2*c. What is the thousands digit of z?
2
Let l = 1045 - 668. What is the hundreds digit of l?
3
Let v = 3054 + 4303. What is the tens digit of v?
5
Let w = 24 - 22. Let o(k) = -13*k - 28 + 16*k**w - 27*k**2 + 12*k**2. What is the tens digit of o(20)?
1
Suppose -4945 = -2*l - 3*b, -3*l + 11720 - 4328 = -4*b. Suppose -1268*d = -1264*d - l. What is the units digit of d?
7
Let k = 3173 + -2106. What is the hundreds digit of k?
0
What is the thousands digit of (9 - (-5674 - 3) - 7) + 10?
5
Let w be (-40)/50 + 2971/(-5). Let p be (-4)/10 + (-17)/(w/(-336)). What is the units digit of (-1)/(p/202) - (-8)/10?
1
Let k = -24 + 30. What is the units digit of k*(1320/16 - 2)?
3
Suppose -80*n + 5400 = -74*n. What is the hundreds digit of (-18132)/(-22) + (8 - n/110)?
8
Let m(y) be the third derivative of -y**6/60 - 3*y**5/20 + 5*y**4/24 + 2*y**3/3 - 71*y**2. What is the units digit of m(-8)?
2
Let j(o) be the third derivative of o**6/40 + o**5/30 + 23*o**4/24 - 11*o**3 - 166*o**2. What is the hundreds digit of j(7)?
2
Let y be (-1)/(((-45)/(-20))/(-9)). Suppose -24 = -4*m + 4*t, 2*t + 4 = -y. Suppose -u + 124 = 5*w + 42, 0 = -m*u - 3*w + 143. What is the tens digit of u?
6
Let y(p) = 2*p**2 + 8*p + 8. Let z be y(-3). Let d(o) = -2*o**z + 40 + 35 - 88*o**3 + o - 74 + o**2. What is the units digit of d(-1)?
7
Let j be (50/(-90))/(1/(-9)). Suppose 0*m = -j*y - 5*m + 3090, -5*y - 2*m = -3090. What is the units digit of y?
8
Let a be ((-571)/(-3))/(-2 - (-15)/9). Let j = a + 961. Suppose 2*h + 82 + 162 = 3*m, -5*h = 5*m - j. What is the units digit of m?
0
Let x(z) be the first derivative of 12 + 3*z**2 - 13*z + 10/3*z**3 + 1/4*z**4. What is the units digit of x(-7)?
2
What is the thousands digit of 6/(-21)*(-17)/(68/236642)?
6
Let w = 145159 - 100465. What is the ten thousands digit of w?
4
Let w(q) = 21*q**2 + 8*q - 29. Let m = -98 - -103. What is the tens digit of w(m)?
3
Suppose -43*s + 40*s = -312. Suppose -103*v + s*v = 297. What is the hundreds digit of v?
2
Let s be -236*5*8/10. What is the tens digit of (20/8 - 1)*s/(-6)?
3
What is the hundreds digit of 25 + 9394/(-374) - 734980/(-17)?
2
Let q = 8350 - -5683. What is the ten thousands digit of q?
1
Let y(u) = -u**3 - 3*u**2 - u + 12. Let t(a) = -5*a**2 + 45*a - 6. Let m be t(9). What is the tens digit of y(m)?
2
Let g be (-35 + 89)/(1 + 23/(-25)). Suppose -5*a = -5*c - g, 5*a + 4*c = 674 + 46. What is the hundreds digit of a?
1
Let o = 142670 - 69677. What is the units digit of o?
3
Suppose -3*k = -2*k - l - 52, 2*l - 146 = -3*k. Suppose -d = -3*v - 30, 5*d = 5*v + k - 10. Let p(m) = m**3 + 12*m**2 + 3*m + 7. What is the tens digit of p(v)?
9
Suppose -5*k - 3*g = -362, -g - 276 = k - 5*k. Suppose 4*l + 0*l = -4, 2*l - k = 4*t. Let m = 51 + t. What is the tens digit of m?
3
Let f = 5 - 2. Suppose 986 = 3*l - i, f*l - 3*i - 970 = 2*i. Suppose -5*z + 570 = 5*x, -8*z + x = -5*z - l. What is the units digit of z?
1
Let p be (2/(4/2801) - 1)*2. Suppose 5*f - 1421 = p. What is the tens digit of f?
4
Suppose -1879*a + 1862*a = -276658. What is the hundreds digit of a?
2
Suppose 0 = 111*r - 114*r + 23694. What is the tens digit of r?
9
Let r(x) = 2*x - 28. Let m be r(17). Let g be (-55 + m + -2)*1. Let i = -3 - g. What is the units digit of i?
8
Suppose -2*t - 2 - 6 = 0, -3*i + t = -13. Let f(a) = -5 + 11 + 7*a**3 - 4 + 2*a - 5*a. What is the units digit of f(i)?
2
Let s(r) = -16*r**2 + 6*r + 9. Let h be s(-2). Let l = h - -67. Suppose 45 = 3*b - 3*i, i + l*i - 1 = 0. What is the tens digit of b?
1
Let u(m) = 72*m**2 + 27*m + 23. What is the thousands digit of u(7)?
3
Let r = -685 + 1359. Let f = r + -371. What is the hundreds digit of f?
3
Let f(h) = -3*h - 16. Let i = -5 + -1. Let a be f(i). Suppose 3*l - 126 = -3*x, -a*x - 5*l = -2*l - 83. What is the tens digit of x?
4
Suppose -4*b - 26*g - 1946 = -24*g, -3*b + 5*g = 1453. Let z = b + 802. What is the tens digit of z?
1
Let t(r) = -10*r + 10. Let o be t(5). Let y be (3*(-8)/(-18))/(o/(-90)). Suppose -y*z - 4*u = -z - 168, -z + 5*u = -63. What is the units digit of z?
8
Let z(y) = -4*y**2 + 2*y + 2. Let r be z(9). Let i = -165 - r. What is the tens digit of i?
3
Let z be (-2502)/42 + (-160)/112. Let n be (-758)/(-6) - 3/9. Let q = n + z. What is the units digit of q?
5
Let h = -55319 - -90842. What is the hundreds digit of h?
5
Let w(b) = -583*b - 625. What is the thousands digit of w(-9)?
4
Let m = 521 - 526. What is the tens digit of (54/12 + m)*-1774?
8
Let r(p) be the first derivative of -p**4/4 + 2*p**3 + 9*p**2 - 7*p + 52. What is the tens digit of r(7)?
7
Suppose 2*p - 5*p = 11*p. Let v(j) = -2*j**3 + 2*j**2 - 2*j + 1492. What is the tens digit of v(p)?
9
Suppose 60 = 4*v - v. Suppose 9 = 4*k - 11, 5*m - v = -2*k. Suppose m*q + 107 = 127. What is the units digit of q?
0
Let u(o) = -7*o + 9. Let r(a) = 7*a - 10. Let f(g) = 4*r(g) + 3*u(g). Let p be f(-4). Let j = p + 45. What is the units digit of j?
4
Let b = -30 + 28. Let y be 21 + (b/(-1) - 1). Let d(i) = i**3 - 22*i**2 + 2*i - 14. What is the units digit of d(y)?
0
Suppose -2*y + 5*y - 4*r + 9 = 0, 0 = 2*y - 3*r + 7. What is the units digit of 20 + 47 + -1*3*y?
4
Suppose -6*n = -29 + 23. What is the tens digit of ((-69)/(-9) - n)/(14/1617)?
7
What is the units digit of 1/9 + (-4522352)/(-1656)?
1
Suppose 106*o - 101*o + 2*t = 25156, -4*o = -5*t - 20072. What is the hundreds digit of o?
0
Let a = -3026 - -6171. What is the units digit of a?
5
Suppose s - 3739*z = -3734*z + 2675, 2*s + 4*z = 5448. What is the units digit of s?
0
Let g(x) = -x**3 + x**2 + 2*x + 2. Let d be g(0). Suppose -2*m - d*k - 36 = 0, 3*k - 2 + 30 = -m. Let c(a) = -9*a - 4. What is the hundreds digit of c(m)?
1
Suppose -4*n = f - 18, n - 3 = f - 1. Suppose 6 = x + f. Suppose -x*p - p + 154 = 4*j, -p = -j - 38. What is the units digit of p?
4
Suppose 0 = 6*z - 2*z - 2*v - 8, -5*z + 16 = -4*v. Suppose -2*s - 104 + 476 = z. What is the tens digit of 2/10*-1 + s/5?
3
Let n(j) = 2*j - 23. Let u be n(12). What is the hundreds digit of (324 - -3)/u + 3?
3
What is the units digit of (-65)/(-20) + (-57926)/(-8)?
4
Let q(l) be the first derivative of -7*l + 14*l**2 - 16 + 3 + 14*l + 12*l. What is the units digit of q(3)?
3
What is the hundreds digit of 1069*(0 + -13 + 16)?
2
Let u(f) = 41*f**2 + 17*f - 4. Let b be u(6). Suppose 2*o = -6*a + 3*a + b, -4*o + a + 3162 = 0. What is the hundreds digit of o?
7
Suppose 3*w + j = -562, 5*j = j + 8. Let b be -10*(-4)/10 - w. Let y = b - 62. What is the hundreds digit of y?
1
Suppose 7*q - 73 = -5*j + 3*q, -2*q + 69 = 5*j. Suppose j*m - 2155 = 8*m. What is the units digit of m?
1
Let w(s) = 4*s + 71. Let t be w(-19). Suppose -r - 108 = h + r, -3*h + 5*r = 357. What is the units digit of (t/10)/(1/h)?
7
Let j(i) = -869*i - 89. Let x(u) = -434*u - 45. Let p(q) = -2*j(q) + 5*x(q). What is the tens digit 